{"id":4,"date":"2026-01-10T11:12:28","date_gmt":"2026-01-10T10:12:28","guid":{"rendered":"https:\/\/sophrologue-eft-lyon.com\/rire-et-zen-attitude\/?page_id=4"},"modified":"2026-01-10T19:25:32","modified_gmt":"2026-01-10T18:25:32","slug":"black-friday","status":"publish","type":"page","link":"https:\/\/sophrologue-eft-lyon.com\/rire-et-zen-attitude\/","title":{"rendered":"Accueil Rire et Zen&rsquo;Attitude"},"content":{"rendered":"<p>&nbsp;<\/p>\r\n<p>Bonjour,\u00a0 \u00a0 \u00a0 \u00a0\u00a0<\/p>\r\n<p>Si Ici et Maintenant, vous \u00eates sur cette page, c&rsquo;est bon signe. Vous \u00eates sur le bon chemin. Chemin du <span class=\"highlight one\">Bien-\u00eatre au quotidien<\/span> et de la <span class=\"highlight one\">Pr\u00e9vention de Sant\u00e9<\/span> pour Tous.<\/p>\r\n<!-- \/wp:post-content -->\r\n<h3><!-- wp:paragraph -->\u201c<strong>Rire et Zen\u2019Attitude<\/strong>\u201d<\/h3>\r\n<p>Comme son nom l\u2019indique, l&rsquo;association se veut \u00eatre une <strong>Possibilit\u00e9 d\u2019Evoluer pour Chacun dans la Joie et le Plaisir<\/strong>.<br \/><strong>Aller de l\u2019avant <\/strong>quotidiennement vers un <strong>Mieux Etre G\u00e9n\u00e9rale <\/strong>qui se base sur <span class=\"highlight one\"><strong>l\u2019unit\u00e9 en soi <\/strong><\/span>(celle de la personne humaine) et <strong>l\u2019<span class=\"highlight one\">unit\u00e9 et la Paix<\/span> avec les autres <\/strong>par des liens d\u2019\u00e9change respectueux.<\/p>\r\n<!-- \/wp:paragraph -->\r\n<p><!-- wp:paragraph -->Alors Bienvenue\u2026 et bonne d\u00e9couverte, en esp\u00e9rant qu\u2019elle vous m\u00e8nera \u00e0 s\u2019engager sur ce chemin.<\/p>\r\n<p><img loading=\"lazy\" decoding=\"async\" class=\"alignnone size-large wp-image-1506\" src=\"https:\/\/sophrologue-eft-lyon.com\/rire-et-zen-attitude\/wp-content\/uploads\/sites\/9\/2026\/01\/Carte-nouvel-an-26-724x1024.jpg\" alt=\"\" width=\"724\" height=\"1024\" \/> \u00a0\u00a0<\/p>\r\n<p><strong><a href=\"https:\/\/sophrologue-eft-lyon.com\/rire-et-zen-attitude\/wp-content\/uploads\/sites\/9\/2020\/09\/Carte-Visite-RZA-sept.20.jpg\">T\u00e9l\u00e9charger Carte Visite de l&rsquo;association<\/a>\u00a0<\/strong><\/p>\r\n<p><strong><a href=\"https:\/\/sophrologue-eft-lyon.com\/rire-et-zen-attitude\/wp-content\/uploads\/sites\/9\/2025\/09\/Plaquette-RZA-25-26.pdf\">T\u00e9l\u00e9charger la plaquette RZA 25-26<\/a><\/strong> \u00a0<\/p>\r\n<h5>Voici la suite du<strong>\u00a0programme des activit\u00e9s des lundis 2025-2026. <\/strong>\u00a0Pour les d\u00e9tails de chaque activit\u00e9, voir dans les onglets \u00ab\u00a0<strong>Actualit\u00e9s<\/strong>\u00a0\u00bb et \u00ab\u00a0<strong>Cours et Stages<\/strong>\u00ab\u00a0.<\/h5>\r\n<p><img loading=\"lazy\" decoding=\"async\" class=\"alignnone size-large wp-image-1508\" src=\"https:\/\/sophrologue-eft-lyon.com\/rire-et-zen-attitude\/wp-content\/uploads\/sites\/9\/2026\/01\/Prog.At_.-des-lundis-25-26-oser-se-pauser-724x1024.jpg\" alt=\"\" width=\"724\" height=\"1024\" \/><\/p>\r\n<p>&nbsp;<\/p>","protected":false},"excerpt":{"rendered":"<p>&nbsp; Bonjour,\u00a0 \u00a0 \u00a0 \u00a0\u00a0 Si Ici et Maintenant, vous \u00eates sur cette page, c&rsquo;est bon signe. Vous \u00eates sur le bon chemin. Chemin du Bien-\u00eatre au quotidien et de la Pr\u00e9vention de Sant\u00e9 pour Tous. \u201cRire et Zen\u2019Attitude\u201d Comme son nom l\u2019indique, l&rsquo;association se veut \u00eatre une Possibilit\u00e9 d\u2019Evoluer pour Chacun dans la Joie [&hellip;]<\/p>\n","protected":false},"author":2,"featured_media":0,"parent":0,"menu_order":0,"comment_status":"closed","ping_status":"closed","template":"","meta":{"_et_pb_use_builder":"off","_et_pb_old_content":"","_et_gb_content_width":"","footnotes":""},"class_list":["post-4","page","type-page","status-publish","hentry"],"yoast_head":"<!-- This site is optimized with the Yoast SEO plugin v26.7 - https:\/\/yoast.com\/wordpress\/plugins\/seo\/ -->\n<title>Activit\u00e9s des lundis de l&#039;asso RZA saison 2025-2026<\/title>\n<meta name=\"description\" content=\"\u201cRire et Zen\u2019Attitude\u201d comme son nom l\u2019indique, se veut \u00eatre une Possibilit\u00e9 d\u2019Evoluer pour chacun dans la Joie et le Plaisir.\" \/>\n<meta name=\"robots\" content=\"index, follow, max-snippet:-1, max-image-preview:large, max-video-preview:-1\" \/>\n<link rel=\"canonical\" href=\"https:\/\/sophrologue-eft-lyon.com\/rire-et-zen-attitude\/\" \/>\n<meta property=\"og:locale\" content=\"fr_FR\" \/>\n<meta property=\"og:type\" content=\"article\" \/>\n<meta property=\"og:title\" content=\"Activit\u00e9s des lundis de l&#039;asso RZA saison 2025-2026\" \/>\n<meta property=\"og:description\" content=\"\u201cRire et Zen\u2019Attitude\u201d comme son nom l\u2019indique, se veut \u00eatre une Possibilit\u00e9 d\u2019Evoluer pour chacun dans la Joie et le Plaisir.\" \/>\n<meta property=\"og:url\" content=\"https:\/\/sophrologue-eft-lyon.com\/rire-et-zen-attitude\/\" \/>\n<meta property=\"og:site_name\" content=\"Rire et Zen attitude\" \/>\n<meta property=\"article:modified_time\" content=\"2026-01-10T18:25:32+00:00\" \/>\n<meta property=\"og:image\" content=\"https:\/\/sophrologue-eft-lyon.com\/rire-et-zen-attitude\/wp-content\/uploads\/sites\/9\/2026\/01\/Carte-nouvel-an-26.jpg\" \/>\n\t<meta property=\"og:image:width\" content=\"1240\" \/>\n\t<meta property=\"og:image:height\" content=\"1754\" \/>\n\t<meta property=\"og:image:type\" content=\"image\/jpeg\" \/>\n<meta name=\"twitter:card\" content=\"summary_large_image\" \/>\n<meta name=\"twitter:label1\" content=\"Dur\u00e9e de lecture estim\u00e9e\" \/>\n\t<meta name=\"twitter:data1\" content=\"2 minutes\" \/>\n<script type=\"application\/ld+json\" class=\"yoast-schema-graph\">{\"@context\":\"https:\/\/schema.org\",\"@graph\":[{\"@type\":\"WebPage\",\"@id\":\"https:\/\/sophrologue-eft-lyon.com\/rire-et-zen-attitude\/\",\"url\":\"https:\/\/sophrologue-eft-lyon.com\/rire-et-zen-attitude\/\",\"name\":\"Activit\u00e9s des lundis de l'asso RZA saison 2025-2026\",\"isPartOf\":{\"@id\":\"https:\/\/sophrologue-eft-lyon.com\/rire-et-zen-attitude\/#website\"},\"primaryImageOfPage\":{\"@id\":\"https:\/\/sophrologue-eft-lyon.com\/rire-et-zen-attitude\/#primaryimage\"},\"image\":{\"@id\":\"https:\/\/sophrologue-eft-lyon.com\/rire-et-zen-attitude\/#primaryimage\"},\"thumbnailUrl\":\"https:\/\/sophrologue-eft-lyon.com\/rire-et-zen-attitude\/wp-content\/uploads\/sites\/9\/2026\/01\/Carte-nouvel-an-26-724x1024.jpg\",\"datePublished\":\"2026-01-10T10:12:28+00:00\",\"dateModified\":\"2026-01-10T18:25:32+00:00\",\"description\":\"\u201cRire et Zen\u2019Attitude\u201d comme son nom l\u2019indique, se veut \u00eatre une Possibilit\u00e9 d\u2019Evoluer pour chacun dans la Joie et le Plaisir.\",\"breadcrumb\":{\"@id\":\"https:\/\/sophrologue-eft-lyon.com\/rire-et-zen-attitude\/#breadcrumb\"},\"inLanguage\":\"fr-FR\",\"potentialAction\":[{\"@type\":\"ReadAction\",\"target\":[\"https:\/\/sophrologue-eft-lyon.com\/rire-et-zen-attitude\/\"]}]},{\"@type\":\"ImageObject\",\"inLanguage\":\"fr-FR\",\"@id\":\"https:\/\/sophrologue-eft-lyon.com\/rire-et-zen-attitude\/#primaryimage\",\"url\":\"https:\/\/sophrologue-eft-lyon.com\/rire-et-zen-attitude\/wp-content\/uploads\/sites\/9\/2026\/01\/Carte-nouvel-an-26.jpg\",\"contentUrl\":\"https:\/\/sophrologue-eft-lyon.com\/rire-et-zen-attitude\/wp-content\/uploads\/sites\/9\/2026\/01\/Carte-nouvel-an-26.jpg\",\"width\":1240,\"height\":1754},{\"@type\":\"BreadcrumbList\",\"@id\":\"https:\/\/sophrologue-eft-lyon.com\/rire-et-zen-attitude\/#breadcrumb\",\"itemListElement\":[{\"@type\":\"ListItem\",\"position\":1,\"name\":\"Accueil\",\"item\":\"https:\/\/sophrologue-eft-lyon.com\/rire-et-zen-attitude\/\"},{\"@type\":\"ListItem\",\"position\":2,\"name\":\"Accueil Rire et Zen&rsquo;Attitude\"}]},{\"@type\":\"WebSite\",\"@id\":\"https:\/\/sophrologue-eft-lyon.com\/rire-et-zen-attitude\/#website\",\"url\":\"https:\/\/sophrologue-eft-lyon.com\/rire-et-zen-attitude\/\",\"name\":\"Rire et Zen attitude\",\"description\":\"Aller de l\u2019avant quotidiennement\",\"publisher\":{\"@id\":\"https:\/\/sophrologue-eft-lyon.com\/rire-et-zen-attitude\/#\/schema\/person\/b5d6a3b9904aac61c6691dcb8565a296\"},\"potentialAction\":[{\"@type\":\"SearchAction\",\"target\":{\"@type\":\"EntryPoint\",\"urlTemplate\":\"https:\/\/sophrologue-eft-lyon.com\/rire-et-zen-attitude\/?s={search_term_string}\"},\"query-input\":{\"@type\":\"PropertyValueSpecification\",\"valueRequired\":true,\"valueName\":\"search_term_string\"}}],\"inLanguage\":\"fr-FR\"},{\"@type\":[\"Person\",\"Organization\"],\"@id\":\"https:\/\/sophrologue-eft-lyon.com\/rire-et-zen-attitude\/#\/schema\/person\/b5d6a3b9904aac61c6691dcb8565a296\",\"name\":\"adminsouad\",\"image\":{\"@type\":\"ImageObject\",\"inLanguage\":\"fr-FR\",\"@id\":\"https:\/\/sophrologue-eft-lyon.com\/rire-et-zen-attitude\/#\/schema\/person\/image\/\",\"url\":\"https:\/\/sophrologue-eft-lyon.com\/rire-et-zen-attitude\/wp-content\/uploads\/sites\/9\/2025\/07\/Logo-Asso-tres-petit-taille.jpg\",\"contentUrl\":\"https:\/\/sophrologue-eft-lyon.com\/rire-et-zen-attitude\/wp-content\/uploads\/sites\/9\/2025\/07\/Logo-Asso-tres-petit-taille.jpg\",\"width\":94,\"height\":140,\"caption\":\"adminsouad\"},\"logo\":{\"@id\":\"https:\/\/sophrologue-eft-lyon.com\/rire-et-zen-attitude\/#\/schema\/person\/image\/\"}}]}<\/script>\n<!-- \/ Yoast SEO plugin. -->","yoast_head_json":{"title":"Activit\u00e9s des lundis de l'asso RZA saison 2025-2026","description":"\u201cRire et Zen\u2019Attitude\u201d comme son nom l\u2019indique, se veut \u00eatre une Possibilit\u00e9 d\u2019Evoluer pour chacun dans la Joie et le Plaisir.","robots":{"index":"index","follow":"follow","max-snippet":"max-snippet:-1","max-image-preview":"max-image-preview:large","max-video-preview":"max-video-preview:-1"},"canonical":"https:\/\/sophrologue-eft-lyon.com\/rire-et-zen-attitude\/","og_locale":"fr_FR","og_type":"article","og_title":"Activit\u00e9s des lundis de l'asso RZA saison 2025-2026","og_description":"\u201cRire et Zen\u2019Attitude\u201d comme son nom l\u2019indique, se veut \u00eatre une Possibilit\u00e9 d\u2019Evoluer pour chacun dans la Joie et le Plaisir.","og_url":"https:\/\/sophrologue-eft-lyon.com\/rire-et-zen-attitude\/","og_site_name":"Rire et Zen attitude","article_modified_time":"2026-01-10T18:25:32+00:00","og_image":[{"width":1240,"height":1754,"url":"https:\/\/sophrologue-eft-lyon.com\/rire-et-zen-attitude\/wp-content\/uploads\/sites\/9\/2026\/01\/Carte-nouvel-an-26.jpg","type":"image\/jpeg"}],"twitter_card":"summary_large_image","twitter_misc":{"Dur\u00e9e de lecture estim\u00e9e":"2 minutes"},"schema":{"@context":"https:\/\/schema.org","@graph":[{"@type":"WebPage","@id":"https:\/\/sophrologue-eft-lyon.com\/rire-et-zen-attitude\/","url":"https:\/\/sophrologue-eft-lyon.com\/rire-et-zen-attitude\/","name":"Activit\u00e9s des lundis de l'asso RZA saison 2025-2026","isPartOf":{"@id":"https:\/\/sophrologue-eft-lyon.com\/rire-et-zen-attitude\/#website"},"primaryImageOfPage":{"@id":"https:\/\/sophrologue-eft-lyon.com\/rire-et-zen-attitude\/#primaryimage"},"image":{"@id":"https:\/\/sophrologue-eft-lyon.com\/rire-et-zen-attitude\/#primaryimage"},"thumbnailUrl":"https:\/\/sophrologue-eft-lyon.com\/rire-et-zen-attitude\/wp-content\/uploads\/sites\/9\/2026\/01\/Carte-nouvel-an-26-724x1024.jpg","datePublished":"2026-01-10T10:12:28+00:00","dateModified":"2026-01-10T18:25:32+00:00","description":"\u201cRire et Zen\u2019Attitude\u201d comme son nom l\u2019indique, se veut \u00eatre une Possibilit\u00e9 d\u2019Evoluer pour chacun dans la Joie et le Plaisir.","breadcrumb":{"@id":"https:\/\/sophrologue-eft-lyon.com\/rire-et-zen-attitude\/#breadcrumb"},"inLanguage":"fr-FR","potentialAction":[{"@type":"ReadAction","target":["https:\/\/sophrologue-eft-lyon.com\/rire-et-zen-attitude\/"]}]},{"@type":"ImageObject","inLanguage":"fr-FR","@id":"https:\/\/sophrologue-eft-lyon.com\/rire-et-zen-attitude\/#primaryimage","url":"https:\/\/sophrologue-eft-lyon.com\/rire-et-zen-attitude\/wp-content\/uploads\/sites\/9\/2026\/01\/Carte-nouvel-an-26.jpg","contentUrl":"https:\/\/sophrologue-eft-lyon.com\/rire-et-zen-attitude\/wp-content\/uploads\/sites\/9\/2026\/01\/Carte-nouvel-an-26.jpg","width":1240,"height":1754},{"@type":"BreadcrumbList","@id":"https:\/\/sophrologue-eft-lyon.com\/rire-et-zen-attitude\/#breadcrumb","itemListElement":[{"@type":"ListItem","position":1,"name":"Accueil","item":"https:\/\/sophrologue-eft-lyon.com\/rire-et-zen-attitude\/"},{"@type":"ListItem","position":2,"name":"Accueil Rire et Zen&rsquo;Attitude"}]},{"@type":"WebSite","@id":"https:\/\/sophrologue-eft-lyon.com\/rire-et-zen-attitude\/#website","url":"https:\/\/sophrologue-eft-lyon.com\/rire-et-zen-attitude\/","name":"Rire et Zen attitude","description":"Aller de l\u2019avant quotidiennement","publisher":{"@id":"https:\/\/sophrologue-eft-lyon.com\/rire-et-zen-attitude\/#\/schema\/person\/b5d6a3b9904aac61c6691dcb8565a296"},"potentialAction":[{"@type":"SearchAction","target":{"@type":"EntryPoint","urlTemplate":"https:\/\/sophrologue-eft-lyon.com\/rire-et-zen-attitude\/?s={search_term_string}"},"query-input":{"@type":"PropertyValueSpecification","valueRequired":true,"valueName":"search_term_string"}}],"inLanguage":"fr-FR"},{"@type":["Person","Organization"],"@id":"https:\/\/sophrologue-eft-lyon.com\/rire-et-zen-attitude\/#\/schema\/person\/b5d6a3b9904aac61c6691dcb8565a296","name":"adminsouad","image":{"@type":"ImageObject","inLanguage":"fr-FR","@id":"https:\/\/sophrologue-eft-lyon.com\/rire-et-zen-attitude\/#\/schema\/person\/image\/","url":"https:\/\/sophrologue-eft-lyon.com\/rire-et-zen-attitude\/wp-content\/uploads\/sites\/9\/2025\/07\/Logo-Asso-tres-petit-taille.jpg","contentUrl":"https:\/\/sophrologue-eft-lyon.com\/rire-et-zen-attitude\/wp-content\/uploads\/sites\/9\/2025\/07\/Logo-Asso-tres-petit-taille.jpg","width":94,"height":140,"caption":"adminsouad"},"logo":{"@id":"https:\/\/sophrologue-eft-lyon.com\/rire-et-zen-attitude\/#\/schema\/person\/image\/"}}]}},"_links":{"self":[{"href":"https:\/\/sophrologue-eft-lyon.com\/rire-et-zen-attitude\/wp-json\/wp\/v2\/pages\/4","targetHints":{"allow":["GET"]}}],"collection":[{"href":"https:\/\/sophrologue-eft-lyon.com\/rire-et-zen-attitude\/wp-json\/wp\/v2\/pages"}],"about":[{"href":"https:\/\/sophrologue-eft-lyon.com\/rire-et-zen-attitude\/wp-json\/wp\/v2\/types\/page"}],"author":[{"embeddable":true,"href":"https:\/\/sophrologue-eft-lyon.com\/rire-et-zen-attitude\/wp-json\/wp\/v2\/users\/2"}],"replies":[{"embeddable":true,"href":"https:\/\/sophrologue-eft-lyon.com\/rire-et-zen-attitude\/wp-json\/wp\/v2\/comments?post=4"}],"version-history":[{"count":95,"href":"https:\/\/sophrologue-eft-lyon.com\/rire-et-zen-attitude\/wp-json\/wp\/v2\/pages\/4\/revisions"}],"predecessor-version":[{"id":1509,"href":"https:\/\/sophrologue-eft-lyon.com\/rire-et-zen-attitude\/wp-json\/wp\/v2\/pages\/4\/revisions\/1509"}],"wp:attachment":[{"href":"https:\/\/sophrologue-eft-lyon.com\/rire-et-zen-attitude\/wp-json\/wp\/v2\/media?parent=4"}],"curies":[{"name":"wp","href":"https:\/\/api.w.org\/{rel}","templated":true}]}}